e 24*s - 27*s + 435 = 0. Suppose 2*q + 26 = 3*j - 61, 4*j - 116 = 5*q. What is the greatest common divisor of j and s?
29
Let v = 54 + -51. Suppose v*j = -2*j + 4*c + 47, 2*c = 4*j - 34. Calculate the highest common factor of 21 and j.
7
Let m be (63/(-3) - -3)*(-38)/(-6). Let c = 147 + m. Calculate the greatest common divisor of 231 and c.
33
Let j(i) = -4*i**2 - 22*i + 19. Let w be j(-5). What is the highest common factor of w and 2?
1
Let a = 160 + -90. Let q(h) = h**3 + 68*h**2 + 3*h + 20. Let g be q(0). Calculate the highest common factor of g and a.
10
Suppose -3*o = -o - 24. Let q(b) = b**3 + 11*b**2 - 11*b - 14. Let u be q(-12). Let n = 62 + u. What is the highest common factor of o and n?
12
Let v(w) = -993*w**3 - w - 2. Let c be v(-1). Calculate the greatest common divisor of c and 32.
32
Let n(x) = -17*x - 17. Let k be n(-5). What is the greatest common factor of k and 476?
68
Let m be 2 + 0 + -6 + 58. Let g be 36/(-10)*3*-5. Let a = g - 18. What is the highest common divisor of m and a?
18
Let c be -5 + 405/21 + (-4)/14. Let a(x) = x**2 - x + 98. Let o be a(0). What is the greatest common divisor of o and c?
14
Suppose 0 = x - 65 + 18. Let u be ((-70)/(-8))/5 - 3370/(-8). Calculate the highest common factor of u and x.
47
Suppose 2*f + 32 = -10. Let a be (f/2)/((-6)/132). Suppose -18*r = -175 - 203. Calculate the highest common divisor of a and r.
21
Let z = -14 - -37. Let q = 27 - z. Suppose -5*x + 2*x + 18 = 0. Calculate the greatest common factor of q and x.
2
Let z be (-156)/(-390) + (376/5)/2. What is the highest common divisor of 494 and z?
38
Let b(v) = -2*v**3 + 6*v**2 + 5*v + 1. Let o be b(5). Let q = -61 - o. What is the highest common divisor of 13 and q?
13
Let z = -146 + 498. What is the greatest common factor of 128 and z?
32
Let v = 84 - 187. Let o = 105 + v. Calculate the highest common factor of 2 and o.
2
Let m = 2 + 0. Suppose -q - 9 = -5*h, -15*q - 59 = -19*q + h. What is the highest common factor of m and q?
2
Suppose -n + 69 = -5*a, -3*n + 243 = -47*a + 50*a. Calculate the greatest common divisor of 158 and n.
79
Suppose 25 = -k - 4*k, 2*s - 362 = -2*k. What is the greatest common divisor of 1209 and s?
93
Suppose 3*i - 8*i = 0. Suppose i = -2*u - 0*u + 128. Let d = 384 + -368. What is the highest common factor of u and d?
16
Let q be (4*-1)/(28/(-182)). Suppose 4*t = r - 2*r + 47, 2*t - 31 = r. Calculate the greatest common divisor of t and q.
13
Let p = 48 + -46. Let y(d) = 8*d - 13. Let i be y(p). What is the highest common factor of i and 27?
3
Let m(z) = z + 7. Let i be m(6). Let c be (-36 + 30)*(-2)/4. Suppose -c*r + 2 = -i. Calculate the highest common factor of r and 40.
5
Let y be 22/55*-1*-20. Calculate the highest common factor of y and 68.
4
Suppose -135 - 1755 = -9*b. Calculate the highest common factor of 21 and b.
21
Let o = -578 + 1072. What is the greatest common factor of o and 38?
38
Let p(f) be the third derivative of f**4/6 + 32*f**3/3 + 3*f**2 - 18*f. Let q be p(-14). Suppose 144 = x + x. Calculate the greatest common factor of x and q.
8
Suppose -5*t + 5*k = -0*t + 495, -5*t - 5*k = 495. Let p = 141 + t. What is the greatest common divisor of p and 63?
21
Let s = 29 - -2. Let h(i) = -4*i**3 - 163*i - 660. Let q be h(-4). What is the greatest common divisor of s and q?
31
Let s = 122 + 32. Let w = -5 - -10. Suppose 4*l - 64 = -0*l - 4*v, v = w*l - 68. Calculate the greatest common factor of l and s.
14
Let s = 312 - 262. What is the highest common divisor of s and 100?
50
Let w(q) = -q**3 + 18*q**2 - 43*q + 38. Let t be w(13). What is the greatest common factor of 243 and t?
81
Suppose -4*w - 12 = 2*v - 112, w + 4*v = 32. Suppose 27 + 9 = 2*r. What is the highest common divisor of w and r?
6
Let z(s) = -4*s + 7 + 11*s + 3 + s. Let q be z(7). Suppose 54 = 2*i - 3*p, 2*i - p + 4*p = q. What is the highest common factor of 6 and i?
6
Let v = -3223 - -3233. What is the highest common divisor of 495 and v?
5
Let i be 1509/12 - 1/(-4). Let j(y) = 2*y + 13. Let a be j(-9). Let v be (-430)/(-25) - 4/a. Calculate the highest common factor of v and i.
18
Suppose 6*j = 1174 + 1088. Calculate the greatest common divisor of j and 29.
29
Let w(f) = 4*f + 4. Let p be w(9). What is the greatest common factor of p and 60?
20
Let r be 13/(-195) + 22231/15. What is the greatest common divisor of r and 78?
78
Let g = -70 + 76. Suppose 2*c - c = 11. Suppose 5*s - 26 = -r, -2*s = -5*r + c + 11. Calculate the highest common divisor of g and r.
6
Suppose 296 = 3*m - a + 100, -109 = -2*m + 5*a. Suppose -2*y + 2*h - h = -m, -3*h = 5*y - 162. Calculate the greatest common divisor of 22 and y.
11
Let d(h) = h**3 - 7*h**2 - 15*h + 15. Let w be d(10). Let l be 996/15 + 2/(-5). Calculate the greatest common divisor of l and w.
33
Let p(k) = k**2 + 7*k + 8. Let v be p(-3). Let h(c) = -3*c + 16. Let z be h(v). Calculate the highest common divisor of 14 and z.
14
Let y be (60/(-21))/((-5)/70). Let c be 4/18 - (-804)/27. What is the highest common divisor of c and y?
10
Let p be 33/(-9)*-3 + -2. Let b = p + 5. Calculate the highest common divisor of b and 98.
14
Let o(w) = 9*w + 160. Let g be o(-15). What is the highest common divisor of 20 and g?
5
Let n(u) = -u**2 - 13*u + 26. Let v be n(-11). Calculate the highest common factor of v and 6.
6
Let d be ((-161)/(-69))/(1/3). Calculate the greatest common factor of d and 133.
7
Let g = 301 + -261. What is the greatest common divisor of 25 and g?
5
Let r = -3 + 11. Let j = 155 + -151. What is the highest common factor of r and j?
4
Let t(y) = 18*y**2 - 3*y - 3. Let o be t(-1). Suppose 0 = 9*s - 3*s - o. Suppose s*p = -8 + 26. What is the greatest common divisor of 48 and p?
6
Let y = -622 + 1389. What is the highest common divisor of 13 and y?
13
Let h be -3*(-8 + (-2736)/9). Calculate the highest common factor of 288 and h.
72
Suppose 3*g = p - 224 + 75, -3*p = 5*g + 267. Let a = -34 - g. Let y = a - 15. What is the highest common factor of 1 and y?
1
Suppose v + 2*v - 39 = 0. Let d be (-8 + 2)/(6 + 318/(-52)). What is the highest common divisor of v and d?
13
Suppose -g = 4*c - 19, 0*g - 3*g = -2*c + 27. Suppose -4*y + 4*k = -100, -c*y - 5*k = -3*y - 75. Let n = y - -8. What is the highest common factor of n and 22?
11
Let s(w) = w**2 + 2*w + 7. Let v(r) = 2*r - 1. Let d be v(3). Let a be s(d). Suppose 56*z - 1009 = 559. Calculate the greatest common factor of a and z.
14
Let g = -77 + 91. What is the highest common factor of 749 and g?
7
Let h be 3/(-9) - (-3)/9. Suppose u + 33 - 91 = h. Let j = u + 33. What is the highest common factor of j and 13?
13
Let q(f) = -85*f**3 - 2*f**2 + 1. Let a be q(-1). Let g be (2 + 182/(-169))*13. Calculate the highest common factor of a and g.
12
Let u be -6 + (-2 + -4 - -3). Let z = u + 17. What is the greatest common divisor of 16 and z?
8
Let z be (4 - -1 - -382) + 0. What is the greatest common divisor of 43 and z?
43
Let h = 222 + -94. Let p = h + -96. What is the greatest common divisor of p and 8?
8
Let t be 1*((1 - 2) + 55). Let u = -34 + t. Let f = -1093 + 1097. What is the highest common factor of u and f?
4
Let d = 2486 - 2472. Let l(r) = -r**2 - 6*r + 4. Let b be l(-6). Calculate the highest common divisor of d and b.
2
Suppose 0 = 3*g + 2*g + 375. Let a = -43 - g. Let b(f) = 20*f**2 - f + 2. Let r be b(2). Calculate the greatest common factor of a and r.
16
Let m(q) = -2*q**2 - 2*q + 8. Let y be m(-4). Let d(k) = k**2 + 10*k - 41. Let u be d(y). Calculate the highest common divisor of u and 5.
5
Suppose 3*t - 150 = 12. Let b be ((-4)/12)/((-2)/t). Let n(v) = v**2 - 8*v + 8. Let x be n(b). What is the highest common divisor of 17 and x?
17
Let x = -12 + 12. Suppose 2*d - 7*d - l + 896 = x, -4*l - 16 = 0. Suppose -2*p - d = -5*p. Calculate the highest common divisor of p and 24.
12
Let f be 55 + -1*2 - 0. Let b = f - -12. Suppose 28 + 492 = 20*z. Calculate the greatest common factor of b and z.
13
Let b = -5 - -17. Suppose -5*u = 222 - 762. Let g = -48 + u. What is the greatest common divisor of b and g?
12
Let u(j) = -j**3 + 6*j**2 - 2*j + 5. Let n be u(5). Suppose -141 = -18*r + 399. What is the greatest common divisor of r and n?
10
Let p = 12 - 15. Let t(x) = 2*x - 4. Let c be t(p). Let b be (968/20)/((-4)/c). Calcula